 + 5/(50/6192)?
6
What is the thousands digit of (142/355)/(13/5) + 28689/13?
2
Let u(c) = -c**3 - 8*c**2 + 58*c + 32. Let h be u(-14). Suppose 2964 = 7*v - h. What is the hundreds digit of v?
4
Let b be ((-6)/9 + 0)*-45. Suppose b - 6 = 12*s. Suppose 0 = -s*k + 42 - 2. What is the units digit of k?
0
Let x(o) = -o**2 + 10*o - 19. Let k be x(7). Suppose 5*j + 6*u = k*u - 1694, 0 = -5*j + 2*u - 1688. What is the hundreds digit of (-1)/1 + j/(-2)?
1
Suppose a - 595 = -109. Let g = a + -316. Suppose -37 = v - g. What is the tens digit of v?
3
Let t = 423 - -16464. What is the thousands digit of t?
6
Let m = 7 + -6. Let f(b) = 180*b**2 + b - 2. What is the units digit of f(m)?
9
Let g = 28958 + -15409. What is the ten thousands digit of g?
1
Let k = -256 - -422. Let v(p) = 11*p - 6 + p**2 - k*p**3 - 4 + 167*p**3. What is the tens digit of v(4)?
1
Let y(t) = -t**2 + 11*t - 25. Let c be y(13). Let f = -86 - c. What is the tens digit of (-10)/f - 1060/(-14)?
7
Let x = -15 - 63. Let f = x - -158. Let t = 6 + f. What is the units digit of t?
6
Suppose 25*y = -27979 + 74704. What is the units digit of y?
9
Suppose -4*r + 12350 = 4*r - 5698. What is the tens digit of r?
5
Let g = -6 - 96. Let r = 323 + g. What is the hundreds digit of r?
2
Suppose -2*a - 1728 = -4*a. Suppose 3*h - 3*y = a, 0*y + 859 = 3*h - 4*y. What is the hundreds digit of 5 + h + (1 - 5) + -3?
2
Let v = 29747 + -13720. What is the hundreds digit of v?
0
Suppose -38*q - 49*q + 20*q + 1547432 = 0. What is the units digit of q?
6
Suppose -h + 858 = -7*h. Let r = h - -71. Let m = -24 - r. What is the units digit of m?
8
Suppose 0 = -320*y + 299*y + 228900. What is the thousands digit of y?
0
Suppose 3*a + 39 = 3*k, -33 = -3*k - 2*a - a. Let s(z) = 24*z - 273. What is the units digit of s(k)?
5
Let a be 1*5 - 33/(-11). Let h be (7 - (-56)/(-7))/((-1)/8). What is the units digit of 1*3 + (h - a)?
3
Suppose 117810 + 879 = 46*a - 43*a. What is the ten thousands digit of a?
3
Let k = 17 + -18. Let y be 6/(-4)*k + 102/(-68). Suppose v + 0*r - 3*r - 4 = 0, 3*v - r - 52 = y. What is the units digit of v?
9
What is the ten thousands digit of (74113/2)/(30/12) + 262/655?
1
What is the units digit of 4 + 5453 + 210/14?
2
Suppose 11*z - 9*z - 8517 = 3*i, -i = 3*z - 12770. Suppose 13*u = -266 + z. What is the hundreds digit of u?
3
Let h be 46/115*(-30)/(-4). Let r be (h/(-4))/((-2)/(-8)). Let y = 0 - r. What is the units digit of y?
3
Let d be (28/(-84))/(1/(-6)). Let g = d - 2. Suppose g = -8*u + 687 + 817. What is the tens digit of u?
8
Let n(w) = -w**3 + 25*w**2 - 21*w - 3. Let i be n(23). Let g = i + -282. What is the tens digit of g?
9
Let j(v) = 10*v**2 - 368*v + 45. What is the units digit of j(71)?
7
What is the ten thousands digit of (-6)/11 - (-1496)/(-484)*65210/(-4)?
5
What is the units digit of 347321/52 + 2*(-3)/24?
9
Let a be (-46)/((-16)/12*(-9)/6). Let m = 326 + a. What is the units digit of m?
3
Suppose -24*m - 253*m + 2858640 = 0. What is the units digit of m?
0
What is the tens digit of (-6)/90*-12055 + 6/(-9)?
0
Let x(q) = -366*q + 10535. What is the hundreds digit of x(-135)?
9
Let n(c) = -309*c + 8. Let i(t) = 1545*t - 40. Let d(f) = -2*i(f) - 11*n(f). What is the units digit of d(2)?
0
Let r = 758 - 753. Suppose r*a + 4801 = 3*n + 3*a, 5*a = 3*n - 4807. What is the units digit of n?
9
Suppose -3*f = 15, 2*d - 3*f = 51 + 20. Suppose -d*h - 4*z = -23*h - 2652, 0 = 3*h + z - 1587. What is the hundreds digit of h?
5
Let k(z) = -5*z**3 - 50*z**2 + 30*z - 11. What is the thousands digit of k(-16)?
7
Suppose 1115*z = 1103*z + 60048. What is the hundreds digit of z?
0
Suppose l - 5*d = 736, -2*l = 3*l + 4*d - 3593. Let p = l + -385. What is the units digit of p?
6
Let f = 60 + -117. Let y = -70 - f. Let u = 31 + y. What is the units digit of u?
8
Let x be -6 + 3 + 1 - (-8)/2. Suppose -9*u + 6*u + 325 = 2*t, x*u = -3*t + 485. What is the hundreds digit of t?
1
Let g = 33180 - 21732. What is the tens digit of g?
4
Let b = -73429 + 117698. What is the units digit of b?
9
Let s be (1 - -105)/(150/83475). What is the tens digit of s/35 - 6/15?
8
Let k(o) = -8*o - 1. Let w be k(-5). Suppose w*r = 42*r - 117. Let d = r + 0. What is the tens digit of d?
3
Let t(h) = 2*h**3 + 63*h**2 + 19*h - 253. What is the hundreds digit of t(-25)?
3
Suppose 0 = -4*h + 5*u + 7216, 16*u + 9020 = 5*h + 12*u. Let i = h - 860. What is the units digit of i?
4
Let z(g) = -561*g - 5256. What is the tens digit of z(-90)?
3
Suppose -5*t = 5*i + 655, 5*i + 519 = -7*t + 3*t. Let l = 16 - t. What is the hundreds digit of l?
1
Let s = -13 + 22. What is the units digit of 354/4 - (-5 + s)/8?
8
Let g = 10 + -7. Suppose -4*z - 6 = -2*l, g*z + 8 = -0*z + 5*l. What is the tens digit of -5 + (-3 + 0)/z - -35?
3
Suppose -27*d + 42*d = -87*d + 2142000. What is the hundreds digit of d?
0
Let q be 2/((3 - 8)*2/5). What is the units digit of 1 + q + -7 + (62 - 6)?
9
Let x = -57 + 66. Suppose x*o + 3330 = 19*o. Suppose o - 66 = 3*m. What is the units digit of m?
9
Let t(w) = -16754*w - 151. What is the ten thousands digit of t(-2)?
3
Let l(b) = b**2 + 5*b - 35. Let c be l(5). Let x be (c - 0) + -2 - (-3)/(-1). Let u = 117 + x. What is the units digit of u?
7
Let k be 20 - 23 - (7 - 1)/3. Let w(a) = -2*a**3 + 6*a**2 + 8*a + 4. What is the hundreds digit of w(k)?
3
Suppose 2*w = 48 - 172. Let b = w + 66. Suppose 5*k - 76 = u, b*k - 61 = u - 0*u. What is the tens digit of k?
1
Let r = -49 + 22. Let c(f) = f**3 + 26*f**2 - 28*f - 13. Let i be c(r). Suppose -4*m + i*m - 560 = 0. What is the tens digit of m?
5
Suppose 0 = -4*a - 12 + 4. Let i be a/((-20)/6)*5. Suppose 2*w - 199 = -9*g + 4*g, 0 = -i*g - 15. What is the units digit of w?
2
Suppose 5*h - 89270 = -5*p, 24*p - 19*p = 3*h + 89246. What is the ten thousands digit of p?
1
Let x(n) = -10*n - 147. Let h(u) = 30*u + 441. Let y(t) = -2*h(t) - 7*x(t). What is the hundreds digit of y(7)?
2
Suppose -5*t + 20 = -t. Suppose 12*y - 4*y = 0. Suppose y = -d + t*a + 91, -6*a = -4*d - a + 394. What is the units digit of d?
1
Let i(q) = -16*q - 15. Let z be i(-1). Let r(y) = 261*y + 4. What is the hundreds digit of r(z)?
2
Let r(j) = 317*j**2 + 54*j + 276. What is the hundreds digit of r(-6)?
3
Let g = 495 - 492. Suppose -3*n + 825 = 3*c, 0 = -5*n + g*c - 669 + 2076. What is the hundreds digit of n?
2
What is the tens digit of ((-101013)/(-22))/(((-9)/(-2))/(240/16))?
0
Suppose -379*v + 60130 + 29782 + 178420 = 0. What is the units digit of v?
8
Suppose -o - 3*a = -107 - 193, 0 = -2*a. Let m = 335 - o. What is the units digit of m?
5
Suppose -4*f = -4*n + 3*n - 41, 5*f - 61 = -2*n. Suppose -32812 = 2*i + f*i. What is the hundreds digit of i/(-9) + 12/(-27)?
2
Let u be (-3 - 3 - -11) + 10. Suppose 15 = -5*o - 20. Let y = u - o. What is the units digit of y?
2
Let v = 176 - 97. Suppose -4*h + v + 53 = 0. What is the tens digit of 2766/h + 6/33?
8
Let s(a) = -5*a**2 + 13*a + 27. Let r(u) = 4*u**2 - 13*u - 24. Let g(v) = 3*r(v) + 2*s(v). What is the units digit of g(15)?
7
Let v(x) = -2222*x**3 + 2*x**2 - 15*x - 30. What is the thousands digit of v(-2)?
7
Let n = -340 + 1460. What is the units digit of n?
0
Let p(k) = k - 2. Let x be p(-6). Let i(d) = d**3 + 7*d**2 - 13*d + 1. Let u be i(x). Suppose -774 = 35*r - u*r. What is the tens digit of r?
2
Let u(x) = 67*x**2 - 112*x - 767. What is the units digit of u(-7)?
0
Let i = -1938 + 3813. Suppose 9*b - 600 = i. What is the tens digit of b?
7
Let z be (0 + -82)*2101/(-22). Suppose 0 = 9*i - z - 782. What is the hundreds digit of i?
9
Let a(z) be the third derivative of -23*z**4/4 + 41*z**3/2 - 38*z**2. What is the units digit of a(-11)?
1
Let y(l) = -l + 1. Let h be y(7). What is the tens digit of (-768)/(-4) - (h - 0)?
9
Let p(w) = 7*w**3 - 4*w**2 + 4*w + 2. Let d be p(4). Suppose -13884 = -5*a - 21*a. Suppose -l = -k - 2*k + d, -a = -4*k + 2*l. What is the tens digit of k?
3
What is the hundreds digit of ((-42)/(-8) - 1)/((-1928147)/53560 - -36)?
5
Let n(y) = -y**3 - 34*y**2 + 36*y + 41. Let u be n(-35). What is the units digit of 673 - (0 - -42)/u?
6
Let n(p) be the first derivative of -p**4/4 - p**3/3 + p**2 + 970*p - 130. What is the units digit of n(0)?
0
Suppose -3482 = -5*o + 4*p, 0 = 3*o - 6*o - 4*p + 2102. Let k = -257 + o. What is t